et h be (-78)/15*3/(q/20). Calculate the highest common factor of h and 8.
1
Let t be ((-4)/(-10))/(8/((-14000)/(-8757)) + -5). Calculate the greatest common factor of 72 and t.
4
Let w = 13819 - 13779. Calculate the greatest common divisor of w and 845.
5
Suppose 7*o + 4*o - 33 = 0. Suppose -5*u = -m - 287, o*u - 181 = m + 4*m. Let d = 91 - u. What is the highest common divisor of d and 204?
34
Suppose 3*s = -4*o + 335, -2*o + s + 215 = 60. Calculate the greatest common divisor of o and 180.
20
Let z be (-23 + 3)*((-57)/(-12))/(17/(-1972)). Calculate the highest common divisor of 4 and z.
4
Let t(q) = 163*q**2 - 54*q + 81. Let l be t(3). What is the greatest common factor of l and 11?
11
Let u = -17220 - -17770. What is the greatest common divisor of u and 1210?
110
Let j be (4/6)/((-8)/(-30) - 5723/23280). Calculate the greatest common divisor of 660 and j.
4
Suppose 2*j - 3*q + 15 = 55, -5*j + 5*q = -90. Let b be (-33 + -2)*(-3 + (-14)/(-7)). Suppose -16*l + b*l = 133. What is the highest common factor of l and j?
7
Let m(p) = -p**2 + 21*p + 220. Let i be m(28). Let s = 116 + -80. What is the highest common factor of s and i?
12
Let j(l) = -2*l**2 - 11*l - 5. Let c be j(-6). Let n(r) = r**2 + 12*r - 12. Let m be n(-9). Let t = c - m. Calculate the greatest common factor of t and 70.
14
Let x(u) = 11*u**2 - 4*u + 1. Let v be x(3). Let y = 287 + -295. Let m be y/52 - (-435)/39. Calculate the highest common factor of v and m.
11
Let i = -106 - 20. Let b(z) = -143*z**3 + 1. Let a be b(1). Let s = i - a. What is the highest common factor of 24 and s?
8
Let h be -1 + (305 - -7) + 25/(-5) + 6. What is the highest common divisor of 858 and h?
78
Suppose 1 = k, -5*c + 4*c + k - 23 = 0. Let m = 26 + c. Suppose -5*z + 212 = -m*h + 72, 2*z = -h + 69. Calculate the highest common divisor of 8 and z.
8
Let n be (-161896)/(-42)*(-12)/(-48)*2*3. What is the highest common factor of n and 590?
118
Suppose 3*q + 7*b - 4396 = 12*b, 4*q + 3*b = 5900. What is the greatest common factor of q and 184?
184
Let t be (-183)/(-6)*2/(-1). Let c = t + 32. Let a = c - -54. What is the highest common factor of a and 10?
5
Let l(u) = 20*u - 120. Let a be l(7). Suppose a*f - 403 = 1137. Calculate the highest common divisor of f and 33.
11
Suppose -5*c - 20 = 0, -182*y = -177*y - 3*c - 2172. Calculate the highest common factor of y and 2052.
108
Let r(p) = 9*p + 60 + 31 + 50 - 30. Let h be r(-6). Calculate the highest common factor of h and 285.
57
Let u = 266 + -256. Suppose -2*t = 5*i - 85, -u = 16*i - 15*i - 5*t. Calculate the highest common factor of 21 and i.
3
Let u(q) = 3*q**2 + 2*q - 38. Let h(y) = 2*y + 36. Let o be h(-12). Let m be u(o). Calculate the greatest common factor of 38 and m.
38
Suppose 5*t - p = -411, -p - 250 = 3*t - 5*p. Let r = 82 + t. Let a be (-4)/(-24) + (2013/18 - r). Calculate the highest common factor of 16 and a.
16
Let b(i) = 8*i**2 - 3*i - 5. Let x be b(-11). Calculate the highest common factor of x and 48.
12
Suppose -82*y + 4676 = -11724. What is the highest common divisor of 3800 and y?
200
Suppose 96 + 88 = -8*t. Let k(m) = 3*m**2 + 68*m - 5. Let a be k(t). What is the greatest common divisor of a and 198?
18
Suppose 2*k - 19 = -3*y, 3*k - 2 = -5*y + 31. Suppose 0 = -9*d - y*d + 4950. What is the greatest common factor of d and 44?
11
Suppose 3*v - 9 = 3*c, -v - 63*c + 60*c = -7. Suppose -k = -4*m - 21, -3*m = -v*k + m + 60. Calculate the highest common divisor of 1027 and k.
13
Let c be 42/(-4)*(-16)/28. Let b be 2/c - (0 + (-177)/9). What is the highest common divisor of b and 60?
20
Suppose 0 = -22*o + 19*o - 1281. Let m = o - -614. What is the highest common divisor of m and 11?
11
Suppose -107*y + 123480 = 103*y. Calculate the highest common factor of y and 732.
12
Let p = -37277 + 37928. Calculate the greatest common divisor of 248 and p.
31
Let s = 278 - 70. Suppose 0 = 5*p - 7*p + s. Let t be 3*p/12 - 0. Calculate the greatest common divisor of 182 and t.
26
Let w(v) = v**2 - 10*v - 18. Let p be w(13). Suppose 3*l - p*l + 630 = 0. What is the highest common divisor of l and 35?
35
Let i = -64 - -61. Let a be ((-26)/i)/(((-341)/132)/(-31)). What is the greatest common factor of 130 and a?
26
Let l = -6357 - -10130. Calculate the greatest common divisor of 143 and l.
11
Suppose 32*m - 200664 = 4*c, -42*m + 2*c - 6258 = -43*m. Calculate the greatest common divisor of m and 66.
66
Let n(o) = 17*o + 7. Let t be n(8). Let z(a) = -16*a - 86. Let x be z(-7). What is the highest common factor of t and x?
13
Suppose -4*x + 1319 = 539. What is the highest common divisor of x and 13?
13
Suppose 0 = 107*z + 582*z - 2*z - 247320. Calculate the greatest common factor of z and 3060.
180
Let d be ((-2)/(-2))/(-1)*-200. Suppose 4*s - 65 = i - 25, 13*s - i = 112. Calculate the highest common divisor of d and s.
8
Suppose 0 = 1490*w - 1486*w - 2392. Let u be (12/(-15))/((-26)/1495). What is the greatest common divisor of w and u?
46
Suppose 141*q - 150*q + 10483 = 1573. What is the greatest common factor of q and 352?
22
Suppose 4 = 4*j, j + 35 = 4*s - 24. Let x = -48 + 108. What is the greatest common factor of x and s?
15
Let d(b) = b**3 + 47*b**2 - 215*b - 22. Let w be d(-51). What is the highest common factor of 63 and w?
7
Suppose 3*p = 720*b - 717*b + 405, 4*b - 675 = -5*p. Calculate the greatest common factor of p and 66.
3
Suppose 0*p - 79 = -2*p - 3*i, -2*p + i = -91. Let d(w) = w**3 - 39*w**2 - 34*w + 1370. Let k be d(39). What is the greatest common factor of p and k?
44
Let d be (-8)/(-1) - (-5 + 14)/3. Suppose 10*s + 5 = -d. Let x be -9*s/3 + 22. Calculate the highest common divisor of x and 175.
25
Suppose 4*y + 4 = 20. Suppose -y*x = -4*s - 84, 2*s + 4 + 2 = 0. Let l be 54*(34/(-51) - -3). What is the highest common divisor of l and x?
18
Let p = -2411 + 2491. Calculate the highest common divisor of p and 25.
5
Let f be 8151/285*(7 - 2). Calculate the highest common factor of f and 221.
13
Let z(t) = 1326*t + 10162. Let c be z(-7). What is the greatest common factor of c and 3696?
176
Let y = 3186 - 2979. Calculate the greatest common factor of y and 460.
23
Let n(p) = 18*p. Let j be n(6). Let r = j + -13. Calculate the greatest common factor of r and 5.
5
Let g = 17 - -153. Let a(d) = 7*d + 4 - 1 - 3 - 1. Let r be a(5). What is the greatest common divisor of g and r?
34
Suppose 0*q = -31*q + 1550. Suppose -5*k - 5*m = -m - q, 5*k = 2*m + 20. What is the greatest common divisor of 48 and k?
6
Let w = -3674 - -3728. Calculate the greatest common factor of w and 24.
6
Let j = 122 - 82. Let r be (-1*1)/((-53)/106). Suppose -2*s = r*v - 0*s - 16, -3*v = 5*s - 30. What is the greatest common divisor of j and v?
5
Let w be (-6)/33 + (-468)/(-33). Let l = -206 - -349. Let u = l + -101. Calculate the greatest common factor of w and u.
14
Let i = 88 - 53. Let d be (-14)/i - (-26)/(-20)*-58. Let l be (-3444)/(-35) - (-72)/45. Calculate the highest common factor of d and l.
25
Suppose -3444 - 1344 = -342*h. Suppose -532 = -3*n + n. What is the greatest common factor of n and h?
14
Let b(n) = -2*n**3 + 51*n**2 + 28*n + 4. Let q be b(26). Calculate the highest common divisor of q and 1246.
14
Let n be 16/4 - 11 - (-24 + -15 + -1). Let p be (-3038)/(-4) - (-1)/(-2). Calculate the highest common divisor of p and n.
33
Suppose 6*k = 4*k - 1614. Let q = 825 + k. Calculate the highest common divisor of q and 45.
9
Suppose -17*h + 76*h - 282 = 190. Calculate the greatest common divisor of 88 and h.
8
Suppose 7*g - 2*g - 90 = 0. Let s(r) = 7*r + 6*r - 3 - 12*r + 9. Let k be s(3). What is the highest common factor of g and k?
9
Let z = 6 - -27. Let p = 83 + 56. Let u = -117 + p. Calculate the greatest common factor of u and z.
11
Suppose 0 = -147*z + 173*z - 28860. What is the greatest common divisor of z and 60?
30
Let s(u) = 204 - 36 + u**2 - 3*u**2 + u. Let c(d) = -d**2 + 14*d + 176. Let h be c(22). Let y be s(h). Calculate the greatest common divisor of y and 24.
24
Let q(d) = -2*d + 0*d - 4*d - 14 - 2*d**2 + d**2. Let z be q(-6). Let x = z + 22. What is the greatest common factor of x and 20?
4
Let u = -597 + 608. Suppose -u*m + 7*m = 0, 3*f - 4*m - 429 = 0. Suppose 0 = 3*v + 3*x - 54, v + 3*x = -0*v + 28. What is the highest common divisor of 